 remainder when 2694 is divided by 58?
26
What is the remainder when 2346 is divided by 138?
0
What is the remainder when 1570 is divided by 227?
208
What is the remainder when 225 is divided by 110?
5
Calculate the remainder when 2250 is divided by 69.
42
What is the remainder when 7718 is divided by 93?
92
Calculate the remainder when 108 is divided by 20.
8
What is the remainder when 4651 is divided by 99?
97
What is the remainder when 88 is divided by 30?
28
What is the remainder when 154 is divided by 151?
3
What is the remainder when 41 is divided by 14?
13
What is the remainder when 3956 is divided by 20?
16
What is the remainder when 6159 is divided by 110?
109
Calculate the remainder when 5240 is divided by 12.
8
Calculate the remainder when 1543 is divided by 178.
119
Calculate the remainder when 117 is divided by 25.
17
Calculate the remainder when 765 is divided by 48.
45
Calculate the remainder when 1413 is divided by 75.
63
What is the remainder when 69 is divided by 16?
5
What is the remainder when 213 is divided by 54?
51
What is the remainder when 14806 is divided by 221?
220
What is the remainder when 177 is divided by 69?
39
What is the remainder when 3800 is divided by 27?
20
What is the remainder when 29 is divided by 15?
14
Calculate the remainder when 36 is divided by 16.
4
What is the remainder when 2541 is divided by 41?
40
What is the remainder when 67 is divided by 36?
31
What is the remainder when 5189 is divided by 10?
9
What is the remainder when 352 is divided by 74?
56
Calculate the remainder when 33 is divided by 11.
0
What is the remainder when 6790 is divided by 24?
22
What is the remainder when 11478 is divided by 40?
38
Calculate the remainder when 396 is divided by 101.
93
What is the remainder when 287 is divided by 144?
143
What is the remainder when 213 is divided by 73?
67
Calculate the remainder when 101 is divided by 7.
3
Calculate the remainder when 66 is divided by 3.
0
What is the remainder when 179 is divided by 27?
17
Calculate the remainder when 55 is divided by 14.
13
What is the remainder when 45078 is divided by 196?
194
Calculate the remainder when 3896 is divided by 776.
16
What is the remainder when 2442 is divided by 188?
186
What is the remainder when 2928 is divided by 49?
37
What is the remainder when 629 is divided by 64?
53
What is the remainder when 615 is divided by 99?
21
Calculate the remainder when 12543 is divided by 65.
63
Calculate the remainder when 57 is divided by 18.
3
Calculate the remainder when 712 is divided by 51.
49
What is the remainder when 1437 is divided by 12?
9
Calculate the remainder when 78 is divided by 37.
4
Calculate the remainder when 324 is divided by 55.
49
What is the remainder when 997 is divided by 40?
37
Calculate the remainder when 132 is divided by 65.
2
Calculate the remainder when 448 is divided by 12.
4
Calculate the remainder when 39 is divided by 9.
3
Calculate the remainder when 3191 is divided by 796.
7
What is the remainder when 946 is divided by 73?
70
What is the remainder when 189 is divided by 39?
33
Calculate the remainder when 1160 is divided by 43.
42
What is the remainder when 11243 is divided by 65?
63
Calculate the remainder when 22 is divided by 12.
10
What is the remainder when 424 is divided by 50?
24
Calculate the remainder when 1056 is divided by 345.
21
What is the remainder when 582 is divided by 144?
6
Calculate the remainder when 501 is divided by 23.
18
What is the remainder when 980 is divided by 164?
160
Calculate the remainder when 76 is divided by 27.
22
Calculate the remainder when 234 is divided by 9.
0
What is the remainder when 2787 is divided by 15?
12
What is the remainder when 115 is divided by 40?
35
What is the remainder when 222 is divided by 44?
2
Calculate the remainder when 12726 is divided by 11.
10
What is the remainder when 11803 is divided by 52?
51
What is the remainder when 173 is divided by 99?
74
Calculate the remainder when 5039 is divided by 20.
19
What is the remainder when 152 is divided by 16?
8
Calculate the remainder when 257 is divided by 43.
42
What is the remainder when 80 is divided by 25?
5
What is the remainder when 767 is divided by 64?
63
Calculate the remainder when 48 is divided by 5.
3
Calculate the remainder when 9 is divided by 9.
0
What is the remainder when 402 is divided by 82?
74
What is the remainder when 9762 is divided by 37?
31
What is the remainder when 320 is divided by 28?
12
What is the remainder when 3170 is divided by 153?
110
What is the remainder when 21 is divided by 8?
5
What is the remainder when 876 is divided by 217?
8
What is the remainder when 64 is divided by 49?
15
What is the remainder when 257 is divided by 52?
49
What is the remainder when 8647 is divided by 41?
37
What is the remainder when 98 is divided by 11?
10
Calculate the remainder when 4564 is divided by 20.
4
Calculate the remainder when 1663 is divided by 52.
51
Calculate the remainder when 76 is divided by 72.
4
What is the remainder when 1596 is divided by 54?
30
What is the remainder when 636 is divided by 57?
9
What is the remainder when 4813 is divided by 43?
40
Calculate the remainder when 190 is divided by 70.
50
Calculate the remainder when 446 is divided by 161.
124
Calculate the remainder when 214 is divided by 29.
11
Calculate the remainder when 1079 is divided by 57.
53
What is the remainder when 740 is divided by 266?
208
Calculate the remainder when 1857 is divided by 93.
90
Calculate the remainder when 500 is divided by 15.
5
Calculate the remainder when 83 is divided by 13.
5
What is the remainder when 285 is divided by 47?
3
What is the remainder when 1502 is divided by 17?
6
What is the remainder when 812 is divided by 405?
2
Calculate the remainder when 719 is divided by 58.
23
What is the remainder when 5961 is divided by 12?
9
What is the remainder when 17 is divided by 7?
3
Calculate the remainder when 11938 is divided by 239.
227
What is the remainder when 88 is divided by 6?
4
What is the remainder when 536 is divided by 15?
11
Calculate the remainder when 434 is divided by 107.
6
What is the remainder when 33 is divided by 21?
12
What is the remainder when 1242 is divided by 37?
21
What is the remainder when 66 is divided by 1?
0
What is the remainder when 754 is divided by 108?
106
Calculate the remainder when 50 is divided by 38.
12
Calculate the remainder when 501 is divided by 63.
60
Calculate the remainder when 1578 is divided by 36.
30
Calculate the remainder when 526 is divided by 97.
41
What is the remainder when 328 is divided by 11?
9
What is the remainder when 326 is divided by 309?
17
Calculate the remainder when 103 is divided by 53.
50
Calculate the remainder when 2822 is divided by 157.
153
Calculate the remainder when 105 is divided by 11.
6
Calculate the remainder when 24671 is divided by 199.
194
Calculate the remainder when 14440 is divided by 45.
40
Calculate the remainder when 97 is divided by 58.
39
What is the remainder when 3318 is divided by 18?
6
What is the remainder when 468 is divided by 6?
0
What is the remainder when 179 is divided by 26?
23
What is the remainder when 408 is divided by 144?
120
Calculate the remainder when 86 is divided by 44.
42
What is the remainder when 83 is divided by 30?
23
What is the remainder when 2918 is divided by 45?
38
Calculate the remainder when 2 is divided by 2.
0
Calculate the remainder when 796 is divided by 14.
12
Calculate the remainder when 3160 is divided by 43.
21
What is the remainder when 4768 is divided by 61?
10
Calculate the remainder when 131 is divided by 22.
21
What is the remainder when 161 is divided by 3?
2
Calculate the remainder when 339 is divided by 118.
103
What is the remainder when 100 is divided by 37?
26
Calculate the remainder when 48 is divided by 26.
22
Calculate the remainder when 1053 is divided by 48.
45
Calculate the remainder when 49 is divided by 2.
1
Calculate the remainder when 377 is divided by 35.
27
Calculate the remainder when 12789 is divided by 123.
120
Calculate the remainder when 187 is divided by 102.
85
What is the remainder when 156 is divided by 17?
3
Calculate the remainder when 279 is divided by 30.
9
Calculate the remainder when 949 is divid